f 319525126?
1
What is the thousands digit of 162576017?
6
What is the ten thousands digit of 531011317?
1
What is the units digit of 4296740?
0
What is the ten millions digit of 50801226?
5
What is the hundreds digit of 4897597594?
5
What is the ten millions digit of 47140293?
4
What is the ten thousands digit of 1652277758?
7
What is the units digit of 168583957?
7
What is the hundreds digit of 33527461?
4
What is the hundred millions digit of 2675890918?
6
What is the thousands digit of 112621?
2
What is the thousands digit of 339639813?
9
What is the ten thousands digit of 813227842?
2
What is the thousands digit of 4208763729?
3
What is the hundred millions digit of 827867575?
8
What is the tens digit of 2110933306?
0
What is the units digit of 375184780?
0
What is the ten thousands digit of 60258102?
5
What is the ten thousands digit of 260516275?
1
What is the ten thousands digit of 1172760568?
6
What is the hundreds digit of 3001981669?
6
What is the hundred thousands digit of 48770965?
7
What is the hundred thousands digit of 49184006?
1
What is the hundreds digit of 125385542?
5
What is the units digit of 2987023?
3
What is the ten millions digit of 2651574264?
5
What is the ten millions digit of 761803178?
6
What is the hundred millions digit of 194344925?
1
What is the millions digit of 89706703?
9
What is the ten millions digit of 45131864?
4
What is the units digit of 1544820249?
9
What is the ten thousands digit of 74346980?
4
What is the hundred millions digit of 6116869567?
1
What is the hundreds digit of 27913054?
0
What is the ten millions digit of 1298541900?
9
What is the units digit of 124929708?
8
What is the thousands digit of 176876320?
6
What is the thousands digit of 121938758?
8
What is the hundreds digit of 14878094?
0
What is the ten millions digit of 10136150?
1
What is the ten thousands digit of 647540979?
4
What is the units digit of 53897831?
1
What is the hundred millions digit of 229657408?
2
What is the units digit of 17585384?
4
What is the units digit of 23516208?
8
What is the millions digit of 143997433?
3
What is the tens digit of 26788499?
9
What is the tens digit of 350596244?
4
What is the ten millions digit of 581728438?
8
What is the hundred millions digit of 2220413877?
2
What is the millions digit of 1869759542?
9
What is the hundred thousands digit of 3349786201?
7
What is the ten thousands digit of 1694319802?
1
What is the tens digit of 522593696?
9
What is the thousands digit of 1136333026?
3
What is the millions digit of 45519995?
5
What is the ten thousands digit of 366835709?
3
What is the ten millions digit of 1002986725?
0
What is the ten thousands digit of 723298039?
9
What is the ten thousands digit of 178603534?
0
What is the hundreds digit of 66251217?
2
What is the hundred thousands digit of 52357625?
3
What is the hundred thousands digit of 88781705?
7
What is the thousands digit of 593895965?
5
What is the ten thousands digit of 2262048?
6
What is the billions digit of 3050937344?
3
What is the thousands digit of 14431329?
1
What is the hundreds digit of 33370734?
7
What is the hundreds digit of 172309839?
8
What is the hundred thousands digit of 252826988?
8
What is the ten thousands digit of 27616141?
1
What is the ten millions digit of 2155191487?
5
What is the units digit of 859882521?
1
What is the ten thousands digit of 1345420931?
2
What is the units digit of 29498211?
1
What is the thousands digit of 2234656576?
6
What is the thousands digit of 93185809?
5
What is the hundred thousands digit of 140748404?
7
What is the hundred millions digit of 420024986?
4
What is the ten thousands digit of 2461009?
6
What is the thousands digit of 283309155?
9
What is the tens digit of 28720145?
4
What is the hundred thousands digit of 114542334?
5
What is the thousands digit of 212839864?
9
What is the millions digit of 28462285?
8
What is the hundred thousands digit of 60826427?
8
What is the units digit of 400448697?
7
What is the units digit of 230300289?
9
What is the hundred millions digit of 1233438735?
2
What is the millions digit of 28086917?
8
What is the units digit of 5295439?
9
What is the thousands digit of 1793205733?
5
What is the units digit of 104444309?
9
What is the tens digit of 34636905?
0
What is the thousands digit of 1967273137?
3
What is the ten millions digit of 1535852955?
3
What is the hundred millions digit of 548242861?
5
What is the hundreds digit of 4224172?
1
What is the hundreds digit of 102388123?
1
What is the ten millions digit of 3609057053?
0
What is the units digit of 532123102?
2
What is the units digit of 62297124?
4
What is the billions digit of 4162486406?
4
What is the ten millions digit of 16943507?
1
What is the units digit of 5428616464?
4
What is the millions digit of 52080857?
2
What is the millions digit of 1955266501?
5
What is the thousands digit of 131641471?
1
What is the millions digit of 50418698?
0
What is the thousands digit of 46458223?
8
What is the hundred millions digit of 250274025?
2
What is the ten thousands digit of 43153902?
5
What is the hundred thousands digit of 14135806?
1
What is the thousands digit of 1339729684?
9
What is the thousands digit of 17858828?
8
What is the hundreds digit of 54356332?
3
What is the hundreds digit of 46745597?
5
What is the hundred thousands digit of 17245901?
2
What is the ten millions digit of 148885143?
4
What is the hundreds digit of 78622396?
3
What is the thousands digit of 96716860?
6
What is the ten millions digit of 70513098?
7
What is the tens digit of 747273229?
2
What is the ten thousands digit of 682952251?
5
What is the tens digit of 3547843265?
6
What is the thousands digit of 298695283?
5
What is the hundred thousands digit of 5329142?
3
What is the ten millions digit of 142131683?
4
What is the hundreds digit of 1097827507?
5
What is the millions digit of 410818877?
0
What is the ten millions digit of 18092655?
1
What is the units digit of 1886510102?
2
What is the billions digit of 1789211615?
1
What is the millions digit of 129161133?
9
What is the hundred thousands digit of 1356527219?
5
What is the ten millions digit of 31199274?
3
What is the billions digit of 1772313235?
1
What is the thousands digit of 28474863?
4
What is the tens digit of 83524814?
1
What is the hundred thousands digit of 346277990?
2
What is the hundred thousands digit of 41642926?
6
What is the tens digit of 627348893?
9
What is the millions digit of 1459423342?
9
What is the hundreds digit of 230603216?
2
What is the ten thousands digit of 847878677?
7
What is the hundred thousands digit of 469434010?
4
What is the hundreds digit of 10640945?
9
What is the ten millions digit of 40627882?
4
What is the hundred millions digit of 202062336?
2
What is the units digit of 312637975?
5
What is the ten thousands digit of 46100141?
0
What is the billions digit of 4188813937?
4
What is the hundreds digit of 108645771?
7
What is the hundred thousands digit of 25291682?
2
What is the hundred millions digit of 650189271?
6
What is the millions digit of 386618315?
6
What is the tens digit of 567789025?
2
What is the thousands digit of 236409884?
9
What is the tens digit of 89657444?
4
What is the ten thousands digit of 101060936?
6
What is the ten thousands digit of 66059151?
5
What is the thousands digit of 128207240?
7
What is the thousands digit of 2832907979?
7
What is the billions digit of 4160633368?
4
What is the hundred thousands digit of 4724101234?
1
What is the billions digit of 3628654466?
3
What is the tens digit of 801480648?
4
What is the hundreds digit of 1591275575?
5
What is the hundred thousands digit of 203205839?
2
What is the millions digit of 85756224?
5
What is the hundred thousands digit of 19247017?
2
What is the hundred thousands digit of 386333141?
3
What is the hundreds digit of 138953001?
0
What is the ten millions digit of 6182772458?
8
What is the millions digit of 724257982?
4
What is the thousands digit of 885882749?
2
What is the hundred thousands digit of 1513011869?
0
What is the hundred millions digit of 415254201?
4
What is the ten thousands digit of 61706477?
0
What is the thousands digit of 32375772?
5
What is the thousands digit of 44937480?
7
What is the mil